*t + 2*q + 75 = 0. Suppose 0 = -t*k + 14644 - 5164. List the prime factors of k.
2, 79
Let c(f) = -f**3 + f**2 + 7*f + 5. Let z be c(-1). What are the prime factors of z + ((-6)/4)/(39/(-44798))?
1723
Suppose 3*g - 2065 = 5189. Suppose 0 = 99*h - 96*h - g. List the prime factors of h.
2, 13, 31
Let j = -115140 - -165602. What are the prime factors of j?
2, 23, 1097
List the prime factors of (-2*1 - 240150/(-30))*1.
53, 151
Let s = -266 - -123. Let x = 285 + s. What are the prime factors of x?
2, 71
Suppose 60*m = 106*m - 63*m + 183566. What are the prime factors of m?
2, 5399
Let q(t) be the third derivative of 7/60*t**5 + 0*t + 13*t**2 - 1/24*t**4 + 0 - 1/2*t**3. What are the prime factors of q(3)?
3, 19
Let v = -48 - -80. Let j = v - 28. List the prime factors of (3 - (j + -2)) + 35.
2, 3
Suppose 0 = -3*y + 5*m + 20, 20*y + 20 = 17*y - 5*m. Suppose 0 = 3*f - 4 - 11, y = 3*w + f - 2390. List the prime factors of w.
3, 5, 53
What are the prime factors of (-194)/(-1)*(151 + -143)?
2, 97
Let m(t) = 107*t**2 - 16*t - 9. List the prime factors of m(10).
10531
Let r(t) = 36*t**2 - 114*t + 2531. List the prime factors of r(28).
43, 641
Let u = -20 - -31. Let c(n) = 46*n - 51. List the prime factors of c(u).
5, 7, 13
Suppose -91*d + 109324 = 5*x - 89*d, -21855 = -x + d. List the prime factors of x.
2, 17, 643
Let c be (-2)/6*((-8)/(-4) + -11). List the prime factors of 987/c + 12 + -15.
2, 163
Let v(d) = 3*d**2 - 24*d - 74. Let p(b) = 12*b + 36. Let k(f) = 5*p(f) + 2*v(f). List the prime factors of k(-5).
2, 61
Let i(q) = 4*q + 2. Let x(b) = -b**3 + 13*b**2 + b - 11. Let g be x(13). Let d be i(g). Let h(l) = l**2 - 2*l + 10. What are the prime factors of h(d)?
2, 3, 5
Suppose -13*y + 41*y = 6*y + 173888. What are the prime factors of y?
2, 13, 19
Suppose -38*f + 300 = -28*f. Suppose -822 = -f*d + 1698. List the prime factors of d.
2, 3, 7
Let w be (5 + 0)/(4/2076*-3). Let t be (-1)/(((-25)/w)/5). Let a = t + 297. List the prime factors of a.
2, 31
Let m = 8393 - 4630. What are the prime factors of m?
53, 71
Suppose -4*s + 2*s = -4*l - 1692, 837 = s - 5*l. Suppose 229*g - 231*g = -s. List the prime factors of g.
2, 3, 71
Suppose 3*c + 25 = 4*k, 0*k - 3*c = 5*k - 65. Let b be (-4)/k - (-10)/25. What are the prime factors of 364/20*(b - -5)?
7, 13
Let y = 6008 + -2842. What are the prime factors of y?
2, 1583
Suppose 286*l + 177828 = 3004785 + 2573867. What are the prime factors of l?
2, 4721
Suppose -2*c + 7318 + 24663 = 3*f, 31993 = 2*c - f. What are the prime factors of c?
5, 7, 457
What are the prime factors of 314/(2*(-12)/2502)*4/(-6)?
139, 157
Let r(u) = 44*u - 6. Let a = 9 - 6. Suppose 3*o + a = 4*y, -4*y + 4 = 3*o - 17. List the prime factors of r(o).
2, 3, 7
Suppose 5*l - 22 = -3*h + 39, 5*l - h = 53. Let c = l + 13. Suppose c = -16*n + 19*n. What are the prime factors of n?
2
Let f(k) = 715*k - 13319. List the prime factors of f(76).
17, 19, 127
Suppose -3*f + 21 = 4*q, 0 + 18 = 2*f + 4*q. Suppose f*l + 5*t - 421 = 711, 4*l - 1498 = -t. What are the prime factors of l?
2, 11, 17
Suppose v = -4*y - 8, 3*y = -2*y - 5. Let u = 4 + v. Suppose u = -2*t - 5*t + 504. List the prime factors of t.
2, 3
Let n = 161 - 175. Let b(m) = 4*m**2 + 16*m - 18. List the prime factors of b(n).
2, 271
Let t(b) = -b**2 - 8*b - 13. Suppose 10*m + 18 = 4*m. Let w be t(m). Suppose -w*g + 5*s + 7 = -16, 2*g = -2*s + 58. What are the prime factors of g?
2, 3
Let b(g) = 291*g**2 + 759*g - 1. List the prime factors of b(-10).
137, 157
Let a(t) = -8*t**3 + 10*t**2 - 106*t + 46. What are the prime factors of a(-19)?
2, 30271
Suppose 0 = 16*l - 54414 - 9410. What are the prime factors of l?
3989
Let n = 20487 + -9494. What are the prime factors of n?
10993
Let a = -4637 - -9019. List the prime factors of a.
2, 7, 313
List the prime factors of ((-14)/8 + 36727064/(-992))/(-2 + 1).
5, 1481
Let t(x) = 5*x + 17. Let w be t(-4). What are the prime factors of (0 - w/(-6)*-8) + 712?
2, 179
Let v(p) = -7*p - 40. Let u be v(-6). What are the prime factors of (39/117)/(u/324)?
2, 3
Suppose 5*l - 823 - 862 = 0. Suppose -2*t + 5*t - q - l = 0, 2 = -2*q. Suppose -24*u = -26*u + t. What are the prime factors of u?
2, 7
Let h(d) = -12*d - 5. Suppose 5*t + 2*g - 30 - 19 = 0, -t + g + 7 = 0. Suppose 6*f = t - 27. What are the prime factors of h(f)?
31
Let b be 5/10 + 55/2. Let v = b + -30. List the prime factors of (-4 - v)/((-4)/54).
3
Let b be (-18)/(-24)*4*1. Suppose -2*j = -b*j - 11*j. Suppose j = -4*n + 6*n - 278. What are the prime factors of n?
139
Let g be (2/(-4)*1)/((-54)/(-540)). What are the prime factors of ((-12)/(-2))/(2/(-380)*g)?
2, 3, 19
Let z(r) = 606*r - 15. Suppose 5*v = 3*k - 42 + 16, 4*v = -3*k - 10. List the prime factors of z(k).
3, 7, 19
Let m(g) = -3288*g - 1114. List the prime factors of m(-15).
2, 24103
Let x(h) = -h**3 - 5*h**2 + 15*h - 13. Let g be x(-8). Suppose g = 10*j - 1. List the prime factors of j.
2, 3
Suppose x - 4*x = 4*y - 41, 0 = y + 3*x - 17. Let k = -69 - -59. What are the prime factors of y/1*(-45)/k?
2, 3
Suppose -10*p = -g - 9*p + 7664, -4*p + 15364 = 2*g. What are the prime factors of g?
2, 5, 13, 59
Suppose -3*l = 97 + 53. Suppose 5*c + 4*p - 449 = 0, -3*c - 2*c - 2*p + 447 = 0. Let r = c + l. What are the prime factors of r?
3, 13
Suppose 27803 = 11*k - 169163. What are the prime factors of k?
2, 7, 1279
Let f(m) = -5*m**3 + 4*m**2 + 9*m - 1. Let v be ((-480)/56)/(4/(-42)). Let x = 87 - v. List the prime factors of f(x).
11, 13
Let j = 4429 - 2705. What are the prime factors of j?
2, 431
Let l(t) = -656*t - 574. List the prime factors of l(-13).
2, 41, 97
Let q(u) = -27 + 74 - 41 - 37*u - 26. List the prime factors of q(-4).
2
Suppose 23*z = 2*z + 84. Suppose 721 = z*m + 4*x - 9*x, 0 = 4*m + 4*x - 748. List the prime factors of m.
2, 23
Suppose t = 3*s - 0*t - 17, 5*t + 10 = 0. Suppose 5*x - 3*c = 2724, -2*x + 1050 = -s*c - 51. What are the prime factors of x?
3, 181
Let n = 234 + -162. Suppose -8*i + 5*i = p - n, 0 = 4*p + 5*i - 316. List the prime factors of p.
2, 3, 7
Let v(k) = 16*k + 1. Let m(u) = -24*u - 1. Let w(a) = -5*m(a) - 8*v(a). Let l be w(-6). Let j = l + -36. List the prime factors of j.
3
Suppose 50 + 186 = -5*t - x, 2*t + 3*x = -84. Let u(j) = 5*j + 1. Let g be u(-1). List the prime factors of -2 - (g/4 + t).
47
Suppose 0*i + 2*i = -2*d + 334, -677 = -4*d + 5*i. What are the prime factors of 18768/d + 5/(-7) + 1?
2, 7
Suppose -4*g + 438 = x, 0 = -g - 2*x - 31 + 137. Suppose -2*o + 10*t = 8*t - g, 0 = -5*o + t + 271. What are the prime factors of o?
2, 3
Let b be 1*-1 - (-671 + 13 + -4). Suppose 4*i + 4*r = 2680, 2*i - i - b = 2*r. List the prime factors of i.
23, 29
Let h(r) be the second derivative of r**5/10 - 2*r**4/3 - r**3/3 - 5*r**2 + 102*r + 4. Let s(x) = 7*x. Let t be s(1). List the prime factors of h(t).
2, 3, 5
Suppose -47*m = -44*m + 441. Let y = m - -822. Let o = y + -450. List the prime factors of o.
3, 5
List the prime factors of 52675*(-7*63/(-49) + -8).
5, 7, 43
Suppose 3*c + 5*f - 22877 = 0, 3*f + 6033 = -4*c + 36532. What are the prime factors of c?
2, 953
Suppose -16438 = -h + g, 3*g + 75654 = 5*h - 6548. What are the prime factors of h?
2, 4111
Suppose 0 = -3*l + 4*l - 3*l. Suppose l*i = -13*i + 2548. List the prime factors of i.
2, 7
Suppose -21*y + 4*a + 13006 = -19*y, y + 6*a = 6527. What are the prime factors of y?
23, 283
Let d = 551 - 559. Let s(j) = -3*j**3 - 5*j**2 + 13*j - 9. What are the prime factors of s(d)?
1103
Let v(q) = 806*q - 405. List the prime factors of v(5).
5, 29
Let a = -16 + 30. Let r be a/(-91) + (-470)/(-13). Suppose -b = -r + 3. List the prime factors of b.
3, 11
Let k(l) = 194*l**2 + 281*l - 2188. What are the prime factors of k(8)?
2, 3119
Let u(n) = 34*n + 108. Let l be u(-10). Let m = l - -275. List the prime factors of m.
43
Suppose 81*r - 79*r = 9*m - 40520, 2*m - 9006 = 2*r. What are the prime factors of m?
2, 2251
What are the prime factors of ((-224245)/(-7))/5 - -1?
2, 3, 89
Suppose 9*f = 15*f - 5610. Suppose 0 = -2*m + 6, -z + 3*z - m - f = 0. List the prime factors of z.
7, 67
Let r = -12 - -17. Let w = 29 - r. What are the prime factors of (268/(-10))/((w/15)/(-8))?
2, 67
Let r = -18 - -46. Suppose 0 = 5*g - 0*i + 2*i - r, 4*i - 2 = -g. Suppose 0 = -6*q + 12 